(4)?
10
Let y(r) = r**3 + 6*r**2 + 4*r - 1. What is y(-5)?
4
Let d(l) = l**3 + l**2 - 2*l + 28. Calculate d(0).
28
Let r(i) = i - 13. What is r(-6)?
-19
Let j(m) = 3*m**2 + 25*m - 6. Determine j(-3).
-54
Let g(a) = 72*a - 72. What is g(1)?
0
Let p(g) = 2*g - 42. Determine p(6).
-30
Let w(n) = -8*n - 14. Determine w(-7).
42
Let z(a) = -4*a + 36. Determine z(9).
0
Let l(t) = -2*t**2 + 8*t - 14. Give l(5).
-24
Let t(h) = -7*h**3 + h**2 - 20*h + 18. Give t(1).
-8
Let z(d) = d + 58. Determine z(-13).
45
Let a(n) = -93*n**2 + 5*n - 6. What is a(1)?
-94
Let j(v) = v**2 + 23*v + 48. Determine j(-21).
6
Let g(i) = -2*i**2 + 2*i + 1. Determine g(2).
-3
Let j(u) = -7*u - 22. Determine j(-14).
76
Let p(a) = 6*a**3 - 2*a**2 - 2*a + 3. Give p(1).
5
Let r(q) = q + 7. Determine r(-1).
6
Let z(n) = -24*n. Calculate z(-1).
24
Let j(p) = p + 4. What is j(10)?
14
Let y(a) = a**3 - 3*a**2 - a - 4. Calculate y(3).
-7
Let m(c) = 2*c**2 - 20*c + 18. Give m(10).
18
Let i(h) = -h - 43. Calculate i(-32).
-11
Let w(c) = -c**3 + c**2 + 6*c - 2. Calculate w(-4).
54
Let k(m) = 2*m**2 + 36*m + 93. Calculate k(-15).
3
Let v(w) = w**2 + 9*w + 7. Determine v(-7).
-7
Let v(f) = -f**2 - 16*f + 96. Give v(-21).
-9
Let f(l) = 4*l**3 - 2*l**2 + 2. Give f(-1).
-4
Let c(j) = -22*j + 286. Give c(13).
0
Let q(z) = -z**2 + 9*z - 13. Calculate q(7).
1
Let o(q) = q**3 + 13*q**2 - 2*q - 8. Calculate o(-13).
18
Let w(g) = -g**3 - 3*g**2 + 10*g - 2. Give w(-5).
-2
Let k(s) = 3*s**2 - 14*s - 6. What is k(6)?
18
Let p(j) = -13*j. Give p(2).
-26
Let x(k) = 4*k**3 - k**2 + k - 2. What is x(2)?
28
Let c(o) = o**2 - 9*o - 6. What is c(9)?
-6
Let c(j) = -j**3 - 8*j**2 + 20*j + 3. Give c(-10).
3
Let b(a) = -2*a - 83. What is b(-24)?
-35
Let d(v) = 4*v**2 + 11*v + 1. Calculate d(-3).
4
Let c(g) = -459*g - 917. Determine c(-2).
1
Let z(l) = l**2 - 7*l + 6. Determine z(4).
-6
Let z(w) = -w**3 + 9*w**2 - 12*w + 5. Give z(8).
-27
Let n(h) = h - 20. Determine n(14).
-6
Let w(y) = y**3 + 3*y**2 + 2*y - 1. Give w(-2).
-1
Let l(z) = -z**2 - 39*z - 254. What is l(-31)?
-6
Let f(k) = k**3 + k**2 - 17*k - 30. Calculate f(-3).
3
Let j(k) = -k**2 - 16*k - 7. What is j(-16)?
-7
Let d(f) = 2*f - 8. What is d(6)?
4
Let w(s) = -s**3 - 9*s**2 + 20*s - 18. Determine w(-11).
4
Let h(j) = -j**2 + 3*j + 5. Give h(0).
5
Let y(h) = -4*h**3 - 3*h**2 - h + 2. Calculate y(-2).
24
Let f(r) = 3*r**3 - 29*r**2 - 7*r - 26. Calculate f(10).
4
Let v(s) = s**2 + 3*s - 5. What is v(-7)?
23
Let w(j) = j**2 - 5*j + 4. Calculate w(3).
-2
Let v(a) = -a**2 + 21*a - 80. Give v(6).
10
Let v(t) = -t**3 + 5*t**2 + 12*t + 3. Determine v(6).
39
Let w(c) = c**3 + 3*c**2 - 14*c - 10. Give w(-5).
10
Let t(y) = 16*y + 7. Determine t(-1).
-9
Let g(v) = v**3 + 4*v**2 - 5*v - 6. Give g(-3).
18
Let h(k) = 4*k**2 + 4*k + 1. Determine h(3).
49
Let q(r) = -5*r**2 + 6*r - 6. Determine q(2).
-14
Let u(v) = -2*v + 23. What is u(-7)?
37
Let b(p) = p**3 + 31*p**2 + 32*p + 40. Determine b(-30).
-20
Let b(x) = 9*x**2 + 6*x + 2. Give b(-2).
26
Let t(o) = o - 2. Calculate t(8).
6
Let x(s) = 31*s - 283. Give x(9).
-4
Let w(n) = n**2 - 4*n - 40. Give w(-5).
5
Let a(r) = r**2 - 24*r - 1. Give a(18).
-109
Let l(k) = k**3 + 6*k**2 - 6*k. Determine l(-7).
-7
Let a(k) = -2*k**3 + 32*k**2 - 27*k - 44. What is a(15)?
1
Let o(y) = -28*y - 44. What is o(-2)?
12
Let m(a) = -a**3 - 7*a**2 - 4*a - 10. Give m(-7).
18
Let q(g) = -g**3 - 3*g**2 - 2*g - 1. What is q(-2)?
-1
Let v(d) = -9*d**2 - 44*d + 6. Give v(-5).
1
Let p(x) = 4*x**2 - 3*x. What is p(2)?
10
Let d(s) = -41*s**2 + 1. Give d(1).
-40
Let u(c) = -c**2 - 18*c - 71. Determine u(-13).
-6
Let g(d) = -12*d**2 + 2*d. Determine g(1).
-10
Let n(f) = f + 6. What is n(8)?
14
Let w(i) = i**3 + 20*i**2 - 21*i - 4. Calculate w(-21).
-4
Let k(t) = t**2 + 12*t + 5. Calculate k(-11).
-6
Let o(h) = -h + 10. Give o(18).
-8
Let c(t) = 6*t**2 - 3*t + 5. Give c(3).
50
Let k(d) = -2*d**3 + 10*d**2 + 9*d. Determine k(6).
-18
Let u(h) = -2*h - 60. Give u(-27).
-6
Let a(p) = p**3 - p**2 + 134. What is a(0)?
134
Let s(y) = -y**2 + 17*y - 60. What is s(12)?
0
Let p(t) = 2*t**2 + 5*t + 3. Determine p(-4).
15
Let h(w) = 2*w**2 - 13*w - 19. Calculate h(8).
5
Let g(s) = -26*s + 39. Calculate g(2).
-13
Let t(f) = f**2 - 6*f + 9. Calculate t(7).
16
Let i(l) = -l**3 - 81*l**2 - 101*l - 1682. Give i(-80).
-2
Let t(h) = 5*h + 31. Give t(-8).
-9
Let f(b) = -4*b**3 + 26*b**2 + 19*b - 29. Give f(7).
6
Let i(l) = -l**2 + 10*l + 2. Calculate i(9).
11
Let y(s) = -2*s + 4. Determine y(2).
0
Let t(u) = u**3 + u - 1. Determine t(-3).
-31
Let u(v) = -2*v + 29. What is u(11)?
7
Let i(q) = 6*q + 199. Calculate i(-28).
31
Let y(u) = u**2 - 13*u - 2. Give y(3).
-32
Let g(h) = -7*h + 2. Calculate g(3).
-19
Let g(h) = -h**3 - 9*h**2 + 3*h - 19. Determine g(-8).
-107
Let f(u) = u**2 - 37*u - 188. Calculate f(42).
22
Let l(v) = v**3 + 15*v**2 - 17*v - 24. Calculate l(-16).
-8
Let r(j) = -j**2 + 6*j - 3. Give r(6).
-3
Let b(j) = j**3 + 3*j**2 - 3*j + 12. Determine b(0).
12
Let c(n) = -2*n**2 - 20*n + 463. Determine c(11).
1
Let v(l) = 42*l**3 + 2*l**2 + l. Determine v(-1).
-41
Let o(g) = g + 2. What is o(0)?
2
Let k(x) = -x**3 - 9*x**2 - 9*x - 8. Give k(-8).
0
Let p(h) = 3*h + 19. Calculate p(-6).
1
Let w(i) = 4*i**2 - 2. Determine w(2).
14
Let g(p) = p**3 + p**2 - 12. What is g(0)?
-12
Let x(p) = p**2 + p + 8. Calculate x(0).
8
Let x(n) = 2*n**2 + 2*n - 19. Calculate x(3).
5
Let i(f) = -3*f**2 + 7*f - 5. What is i(4)?
-25
Let q(r) = 3*r + 10. Give q(-7).
-11
Let b(v) = v**3 + 9*v**2 - 3*v + 9. Give b(-9).
36
Let d(m) = -5*m + 7. What is d(7)?
-28
Let u(k) = k**2 - 7. What is u(0)?
-7
Let n(o) = -6*o + 19. What is n(3)?
1
Let f(g) = g**2 + 151*g + 584. Give f(-4).
-4
Let x(b) = -b**2 - 7*b - 6. Give x(-8).
-14
Let j(w) = -w**2 - 8*w - 3. What is j(-1)?
4
Let n(o) = -3*o**2 - o + 8. Give n(2).
-6
Let m(w) = -w**2 + 10*w - 8. Calculate m(12).
-32
Let a(t) = -2*t + 2. What is a(-3)?
8
Let b(y) = 4*y + 12. Determine b(-5).
-8
Let z(x) = -x**2 + x - 28. Give z(0).
-28
Let o(t) = 3*t**2 - 37*t + 20. What is o(12)?
8
Let u(y) = y**3 - 14*y**2 + 25*y + 7. Give u(12).
19
Let i(b) = b**3 - 14*b**2 + 24*b + 10. Determine i(12).
10
Let i(b) = 3*b**2 - 25*b + 2. Determine i(9).
20
Let r(l) = l**2 + 4*l - 12. What is r(-5)?
-7
Let y(q) = -12*q**3 - 3*q + 2. Calculate y(1).
-13
Let n(b) = b**2 + 5*b + 9. Determine n(-3).
3
Let n(a) = 44*a + 2. What is n(1)?
46
Let z(b) = 3*b**2 - 5*b + 5. Determine z(4).
33
Let z(q) = -11*q - 18. Calculate z(-7).
59
Let c(y) = y**3 + 18*y**2 - 17*y + 35. Give c(-19).
-3
Let x(w) = 9*w - 3. Calculate x(1).
6
Let s(w) = w**2 + 8*w + 5. Give s(-7).
-2
Let t(v) = 2*v**3 - 18*v**2 + 21*v - 3. Determine t(1).
2
Let y(f) = f**3 - 5*f**2 - 2*f - 5. Determine y(6).
19
Let k(u) = u**2 + 8*u - 1. What is k(-9)?
8
Let q(m) = m**3 - 12*m**2 + 13*m + 5. Calculate q(11).
27
Let m(f) = f**3 - 46*f**2 + 47*f - 73. What is m(45)?
17
Let l(p) = 6*p + 22. Calculate l(-8).
-26
Let m(g) = 7*g - 50. Calculate m(7).
-1
Let f(m) = -m - 14. What is f(7)?
-21
Let a(p) = 14*p**2 + 1. Calculate a(1).
15
Let d(z) = -2*z + 27. What is d(11)?
5
Let c(f) = -3*f + 4. Give c(8).
-20
Let r(g) = -9*g + 4. Calculate r(6).
-50
Let s(j) = -4*j**2 - j - 6. Determine s(-2).
-20
Let k(x) = -15*x + 149. Determine k(10).
-1
Let l(h) = -2*h**3 + 5*h + 2. Determine l(-2).
8
Let c(d) = -3*d + 19. Give c(6).
1
Let z(r) = -22*r**2 + 417*r + 23. Determine z(19).
4
Let t(n) = 65*n + 251. Give t(-4).
-9
Let c(s) = 24*s**2 + 1. Determine c(1).
25
Let z(x) = x + 12. Give z(5).
17
Let l(u) = -u**3 - 5*u**2 - 4*u - 3. What is l(-4)?
-3
Let z(a) = a - 4. Give z(-3).
-7
Let p(u) = u**2 + 17*u + 48. Give p(-7).
-22
Let y(m) = -9*m + 33. Determine y(15).
-102
Let b(a) = -6*a + 7. Determine b(27).
-155
Let r(i) = -i**2 - 2*i + 2. Give r(2).
-6
Let s(t) = 2*t**2 + 10*t + 18. Determine s(-4).
10
Let h(r) = 2*r**2 + 2*r + 8. Determine h(0).
8
Let z(g) = -49*g**2 - 3*g - 3. What is z(-1)?
-49
Let d(c) = -2*c - 27. Determine d(0).
-27
Let t(k) = -k**2 - 3*k + 10. Give t(4).
-18
Let b(f) = 28*f - 21. Give b(2).
35
Let h(v) = 2*v**3 + 2*v**2 - 3*v + 6. What is h(-3)?
-21
Let r(y) = y**2 - 5. Determine r(3).
4
Let z(w) = w**3 + 5*w**2 - 2*w + 3. Give z(-4).
27
Let p(a) = a**3 - 6*a**2 + 2*a + 8. Give p(4).
-16
Let t(o)